)?
-1
Let y(f) = -f**3 - 26*f**2 - 55*f - 196. What is y(-24)?
-28
Let r(j) = j**3 + 10*j**2 + 2*j - 2. Determine r(-10).
-22
Let y(m) = -m**2 + m. What is y(4)?
-12
Let n(f) = f**2 - f - 59. Calculate n(-9).
31
Let n(x) = 120*x + 716. Calculate n(-6).
-4
Let c(g) = -g**3 - 18*g**2 + 42*g + 42. Determine c(-20).
2
Let i(t) = 114*t + 463. Give i(-4).
7
Let l(z) = -8*z**2 + 20*z + 17. Determine l(3).
5
Let i(o) = -o**3 - 6*o**2 - o. Determine i(-6).
6
Let m(f) = -f**2 - 20*f + 20. Calculate m(-21).
-1
Let o(n) = -n**2 - 12*n + 21. Calculate o(-12).
21
Let d(f) = -18*f - 2. What is d(-1)?
16
Let h(u) = u**3 + 2*u**2 - 6*u + 4. Calculate h(-4).
-4
Let t(s) = -s**3 - 15*s**2 + 2*s + 29. Calculate t(-15).
-1
Let w(n) = n**2 - 15*n + 13. Determine w(15).
13
Let j(w) = -w**2 - 8*w + 5. Determine j(-7).
12
Let b(n) = n**2 - 11*n - 2. Calculate b(10).
-12
Let q(c) = 3*c**2 - 4*c - 2. Determine q(4).
30
Let n(r) = 11*r**2 - 2. Give n(-2).
42
Let g(u) = -u**2 + 27*u - 87. Calculate g(25).
-37
Let y(l) = -9*l**2 - l. What is y(-1)?
-8
Let k(a) = 4*a**2 + 19*a - 2. Calculate k(-8).
102
Let y(p) = 2*p**2 + 2*p. Calculate y(2).
12
Let v(n) = -n**3 + 5*n**2 + 3*n - 6. Calculate v(5).
9
Let t(l) = l**2 - 22*l - 57. Determine t(24).
-9
Let b(p) = -p**2 - 9*p + 27. What is b(6)?
-63
Let b(x) = 3*x + 15. Determine b(-9).
-12
Let u(f) = 4*f - 14. Calculate u(6).
10
Let u(g) = g**3 + 15*g**2 + 13*g - 32. What is u(-14)?
-18
Let f(i) = i**3 + 5*i**2 - 17*i + 7. What is f(-8)?
-49
Let l(o) = -2*o + 13. What is l(4)?
5
Let o(x) = -x**2 - 34*x - 3. Calculate o(-34).
-3
Let i(c) = 4*c + 7. Determine i(7).
35
Let p(b) = -9*b - 2. Give p(4).
-38
Let t(z) = -z**2 + 16*z - 63. Give t(10).
-3
Let v(w) = w**3 + 8*w**2 + 6*w - 20. What is v(-7)?
-13
Let o(n) = -15*n**2 + 89*n + 8. Determine o(6).
2
Let a(n) = -n**2 + n + 2. Give a(4).
-10
Let i(l) = -l**2 + 29*l - 211. What is i(13)?
-3
Let o(n) = -21*n + 2. Give o(-1).
23
Let h(k) = k**2 + 30*k + 124. Give h(-25).
-1
Let q(x) = 2*x + 2. Determine q(-2).
-2
Let v(q) = -q**3 + 11*q**2 + 9*q - 98. Determine v(11).
1
Let b(m) = 2*m - 14. What is b(7)?
0
Let u(f) = -f**3 + f**2 + 14. What is u(0)?
14
Let p(q) = q**3 - 3*q**2 - 27*q - 22. Calculate p(7).
-15
Let q(f) = 18*f - 32. Determine q(2).
4
Let c(u) = u**3 - 4*u**2 + 3*u + 2. Determine c(4).
14
Let b(s) = s**2 - 19*s - 13. What is b(20)?
7
Let m(j) = 14*j - 112. Determine m(10).
28
Let b(s) = s**2 - 6*s - 5. Determine b(8).
11
Let o(b) = b**3 + 9*b**2 + 13*b + 11. What is o(-8)?
-29
Let l(x) = x**3 - 26*x**2 - 25*x - 56. What is l(27)?
-2
Let l(s) = -s**3 + 25*s**2 - 45*s - 22. What is l(23)?
1
Let o(w) = w**3 + 13*w**2 + 2*w + 15. Calculate o(-13).
-11
Let p(a) = -7*a + 185. Give p(27).
-4
Let o(z) = z**3 + 26*z**2 + 22*z - 61. Calculate o(-25).
14
Let u(q) = -q**3 + 5*q**2 - 9*q + 48. Give u(5).
3
Let a(v) = -5*v**3 - 3*v**2 - 5*v. What is a(-3)?
123
Let l(t) = -3*t - 8. Calculate l(-2).
-2
Let w(n) = 17*n - 1. Determine w(3).
50
Let v(k) = k**3 - 31*k**2 - 39*k + 230. Determine v(32).
6
Let k(x) = 2*x**2 + 15*x + 18. What is k(-7)?
11
Let c(p) = -5*p + 4. What is c(6)?
-26
Let o(y) = y**2 - 10*y + 29. What is o(8)?
13
Let g(o) = o**3 - 17*o**2 - 37*o - 13. What is g(19)?
6
Let v(l) = -23*l - 29. Calculate v(-1).
-6
Let s(j) = -j**3 + j**2 + j + 1. What is s(2)?
-1
Let m(i) = -i**3 - 25*i**2 + 55*i + 27. Calculate m(-27).
0
Let y(i) = -i**2 - 2*i + 10. Determine y(-8).
-38
Let i(k) = k**3 + 7*k**2 - 4*k + 7. Determine i(-7).
35
Let a(q) = -q**3 + 6*q**2 + q + 6. What is a(6)?
12
Let t(q) = q**2 + 25*q - 221. Give t(-32).
3
Let x(g) = -g**3 - 2*g**2 + 11*g - 18. Determine x(-5).
2
Let b(y) = -y + 6. Give b(0).
6
Let u(h) = -3*h + 50. Determine u(15).
5
Let t(h) = -h**2 - 16*h + 1. Calculate t(-14).
29
Let h(j) = -j**3 + j**2 - j - 1. Calculate h(2).
-7
Let j(x) = -2*x**3 + 31*x**2 - 98*x - 23. Give j(11).
-12
Let n(f) = -f - 8. Calculate n(3).
-11
Let j(p) = 16*p + 16. What is j(6)?
112
Let v(x) = 9*x**2 + 2*x - 2. What is v(-2)?
30
Let m(w) = 7*w**2 - 54*w - 18. Calculate m(8).
-2
Let x(c) = -c**3 + 10*c**2 + 13*c - 134. Determine x(10).
-4
Let s(d) = -88*d + 954. Give s(11).
-14
Let g(c) = c - 1. What is g(-5)?
-6
Let y(n) = n**3 - 5*n**2 - 13*n - 11. What is y(7)?
-4
Let k(q) = -q**2 - 6*q. Give k(-7).
-7
Let f(d) = -d**3 + 40. What is f(0)?
40
Let r(t) = 6*t + 6. What is r(-4)?
-18
Let k(w) = -4*w - 28. What is k(0)?
-28
Let s(a) = 81*a + 336. Give s(-4).
12
Let n(w) = 2*w**2 + 26*w + 41. Give n(-11).
-3
Let x(i) = 5*i**3 + 1. What is x(-1)?
-4
Let b(i) = -i**3 + 5*i**2 - 5*i. What is b(5)?
-25
Let u(x) = -4*x**2 + 17*x + 10. Calculate u(8).
-110
Let v(c) = -c**3 + 59*c**2 - 170*c + 117. Determine v(56).
5
Let m(s) = 2*s + 4. Determine m(-4).
-4
Let j(o) = -65*o**3 + 2*o**2 + o. What is j(-1)?
66
Let k(t) = 5*t**2 - 14*t + 5. Calculate k(3).
8
Let l(b) = 4*b - 1. Calculate l(1).
3
Let l(m) = m + 38. Give l(0).
38
Let s(u) = -u**2 + 40*u - 395. Calculate s(22).
1
Let l(u) = 67*u + 7. What is l(0)?
7
Let z(p) = 2*p**2 - 1. Calculate z(2).
7
Let d(u) = -2*u**3 + 9*u**2 - 14*u + 13. What is d(3)?
-2
Let m(y) = -y**2 - 9*y + 3. What is m(-10)?
-7
Let d(b) = -2*b**2 + 9*b - 2. Calculate d(5).
-7
Let s(h) = -24*h. Determine s(1).
-24
Let q(d) = -28*d + 87. Calculate q(3).
3
Let q(v) = v**3 + 10*v**2 - 28. Give q(-10).
-28
Let m(n) = -2*n**3 - 8*n**2 + 6*n + 3. Calculate m(-5).
23
Let x(s) = 8*s + 17. Calculate x(-2).
1
Let t(z) = 3*z**2 - 40*z - 31. Determine t(14).
-3
Let k(v) = -v**2 + 11*v - 14. What is k(3)?
10
Let w(z) = z - 20. Give w(18).
-2
Let s(w) = -w**3 - 12*w**2 - 11*w + 82. Calculate s(-10).
-8
Let d(m) = 5*m**2 - m + 3. Calculate d(2).
21
Let o(h) = -h + 12. What is o(15)?
-3
Let c(r) = r**2 + 24*r + 21. Calculate c(-23).
-2
Let n(w) = -w**3 + 9*w**2 - 14*w - 2. Give n(5).
28
Let r(u) = u**2 - 9*u - 3. Give r(3).
-21
Let v(q) = q**3 - 7*q**2 + 5*q - 7. Determine v(6).
-13
Let x(o) = -o**3 + 2*o**2 + 3*o. Determine x(-2).
10
Let n(y) = -2*y**2 - 34*y - 1. Determine n(-17).
-1
Let o(v) = v**2 + 3*v - 26. Calculate o(6).
28
Let n(p) = 5*p - 21. Give n(7).
14
Let z(t) = t**3 + 9*t**2 + 2*t - 22. Calculate z(-9).
-40
Let w(k) = -2*k**2 + 27*k - 36. Calculate w(16).
-116
Let d(b) = -b**3 + b**2 - b + 20. Determine d(3).
-1
Let w(m) = -m + 118. What is w(0)?
118
Let s(a) = -a**3 + 13*a**2 - 12*a - 20. Give s(12).
-20
Let u(v) = -v**3 + 9*v**2 - 7*v - 10. Determine u(8).
-2
Let r(j) = -2*j**3 + 11*j**2 + 5*j - 45. Determine r(5).
5
Let y(j) = -16*j**3 - j**2. Calculate y(1).
-17
Let o(j) = j**3 - 7*j**2 + 11*j - 9. Calculate o(6).
21
Let l(o) = 8*o**3 - 16*o**2 + 2*o - 3. Determine l(2).
1
Let y(v) = v**3 + 9*v**2 + 7*v - 5. Give y(-8).
3
Let m(s) = -s + 11. Calculate m(10).
1
Let n(k) = -2*k**3 + k**2 + k + 1. Determine n(-1).
3
Let n(p) = 2*p**2 - 5*p + 3. Give n(3).
6
Let j(m) = -4*m + 53. Determine j(12).
5
Let x(s) = -s**3 - 5*s**2 - 6*s + 4. Determine x(-2).
4
Let k(w) = 4*w**3 - 32*w**2 + 5*w - 6. Determine k(8).
34
Let t(i) = -10*i + 91. Calculate t(8).
11
Let p(o) = -68*o**2 - 3*o + 2. Calculate p(1).
-69
Let j(l) = -l**2 + 11*l + 39. Determine j(17).
-63
Let u(v) = -58*v**2 - 3*v - 2. Calculate u(-1).
-57
Let c(f) = -2*f**3 + 13*f**2 - 14*f - 2. What is c(5)?
3
Let r(t) = t**3 - 5*t**2 - 10*t + 4. Calculate r(5).
-46
Let d(l) = -14*l**3 - 3*l**2 + 2*l. What is d(1)?
-15
Let m(d) = -d**3 + 9*d**2 - d + 13. Give m(9).
4
Let d(v) = -v**3 - 13*v**2 + 10*v - 18. Calculate d(-14).
38
Let d(j) = -j**3 + 15*j**2 + 15*j + 18. Give d(16).
2
Let c(b) = 86*b**3 - 2*b**2 + b. Calculate c(1).
85
Let v(l) = -l**3 + 2*l**2 + 2*l - 2. Calculate v(4).
-26
Let o(y) = -12*y + 43. Determine o(3).
7
Let p(z) = -z**3 - 7*z**2 - z + 9. Give p(-5).
-36
Let l(z) = 18*z + 423. Calculate l(-24).
-9
Let j(l) = -21*l**3 - l**2 + 2*l - 1. What is j(1)?
-21
Let c(y) = -y**2 + 3*y + 10. Determine c(3).
10
Let i(l) = 8*l + 60. Give i(-9).
-12
Let r(l) = l**2 + 4*l - 2. Determine r(-5).
3
Let c(y) = y + 4. Calculate c(-15).
-11
Let g(l) = l - 21. What is g(18)?
-3
Let m(i) = i**2 - 3*i + 1. Determine m(5).
11
Let k(l) = 2*l**3 - 61*l**2 - 97*l + 33. Calculate k(32).
1
Let c(w) = -2*w**3 - 8*w**2 - 7*w - 2. Calculate c(-5).
83
Let p(w) = w**2 + 21*w + 44. What is p(-19)?
6
Let a(f) = -4*f - 